{"id":30425,"date":"2020-11-28T16:04:01","date_gmt":"2020-11-28T15:04:01","guid":{"rendered":"https:\/\/dualtron-store.com\/?post_type=product&#038;p=30425"},"modified":"2025-01-23T12:32:29","modified_gmt":"2025-01-23T11:32:29","slug":"dualtron-ultra-ii","status":"publish","type":"product","link":"https:\/\/dualtron-store.com\/index.php\/produit\/dualtron-ultra-ii\/","title":{"rendered":"Dualtron Ultra II"},"content":{"rendered":"<h2><strong>Les caract\u00e9ristiques de la Dualtron Ultra II<\/strong><\/h2>\n<h3><em>Couple et puissance<\/em><\/h3>\n<p>Faisant partie de la gamme derni\u00e8re g\u00e9n\u00e9ration, la Dualtron Ultra II dispose d\u2019une batterie en 72V. Ce qui lui procure un gain de puissance par rapport \u00e0 la Dualtron Ultra premi\u00e8re version.<\/p>\n<p>La puissance totale de la Dualtron Ultra II est de 6640 W, ce qui lui permet de d\u00e9passer les 90 km\/h sur circuit ou terrain priv\u00e9.<\/p>\n<h3><em><strong>Autonomie<\/strong><\/em><\/h3>\n<p>La dualtron Ultra II est \u00e9quip\u00e9e d\u2019une grosse batterie de 72V 35 ah, et donc d&#8217;une capacit\u00e9 sup\u00e9rieur \u00e0 la Dualtron Storm. En optimisant la conduite, vous pouvez rouler plus de 100 km en une seule charge. Pour atteindre cette autonomie, il faut \u00e9videmment activer le mode Eco et rouler \u00e0 une vitesse peu \u00e9lev\u00e9e.<\/p>\n<h3><em><strong>S\u00e9curit\u00e9 et visibilit\u00e9<\/strong><\/em><\/h3>\n<p>La Dualtron Ultra 2 dispose de s\u00e9rie\u00a0:<\/p>\n<ul>\n<li>De pneus cross permettant de rouler sur tout type de rev\u00eatement,<\/li>\n<li>D\u2019un \u00e9clairage avant et arri\u00e8res, de clignotants, de bandes led lat\u00e9rales au niveau de la colonne et du plateau vous permettant une bonne visibilit\u00e9 par les autres v\u00e9hicules,<\/li>\n<li>De freins disques avant et arri\u00e8res hydraulique NUTT avec disques en 160 coupl\u00e9 \u00e0 un freinage magn\u00e9tique r\u00e9g\u00e9n\u00e9ratif (KERS).<\/li>\n<\/ul>\n<h3><em><strong>Confort et suspensions<\/strong><\/em><\/h3>\n<p>La Dualtron Ultra II est une trottinette polyvalente. Elle dispose de pneus cross 11 pouces.<br \/>\nSon syst\u00e8me de de suspensions est r\u00e9glables en 45 positions (syst\u00e8me de suspension variable en 9 positions + possibilit\u00e9 de changer les cartouches de suspension ( 5 types).<\/p>\n<h2><strong>Les atouts de la Dualtron Ultra II<\/strong><\/h2>\n<p>D\u00e9veloppant une puissance de 6640 W, \u00e9quip\u00e9e d&#8217;une batterie de grosse capacit\u00e9 et mont\u00e9e en pneus cross, la Dualtron Ultra II vous permet de r\u00e9aliser de grande sortie sans vous souciez du rev\u00eatement de la chauss\u00e9e.<\/p>\n<h2><strong>La fiche technique de la Dualtron Ultra II<\/strong><\/h2>\n<p><strong>Batterie\u00a0:<\/strong> 72V 35 ah \u00a0(autonomie sup\u00e9rieur \u00e0 100 km )<\/p>\n<p><strong>Motorisation :<\/strong> 2 moteurs &#8211; puissance max de 6640 W<\/p>\n<p><strong>Freinage\u00a0:<\/strong>\u00a0 Disques de 160 mm &#8211; Freins hydrauliques NUTT avant et arri\u00e8re + Freins \u00e9lectriques KERS<\/p>\n<p><strong>Vitesse max\u00a0:<\/strong> 25 km\/h ou 100 km\/ sur voie priv\u00e9e<\/p>\n<p><strong>Roues\u00a0:<\/strong> 11 pouces \u2013 pneus cross<\/p>\n<p><strong>Suspensions\u00a0:<\/strong>\u00a0avant et arri\u00e8re &#8211; 45 niveaux d&#8217;ajustement ( 9 niveaux variable + 5 types de duret\u00e9 pour les cartouches )<\/p>\n<p><strong>Dispositif d\u2019\u00e9clairage :\u00a0<\/strong><span lang=\"fr\">colonne de direction + \u00a0deck lat\u00e9ral lumineux, feu arri\u00e8re, avant, feu stop)<\/span><\/p>\n<p><strong>Poids\u00a0:<\/strong>\u00a040 kg<\/p>\n<p>&nbsp;<\/p>\n<h2><strong>Pourquoi acheter la Dualtron Ultra II chez Dualtron Store ?<\/strong><\/h2>\n<p><strong>Dualtron Store\u00a0<\/strong>s&#8217;attache \u00e0 vous offrir un service Premium.<\/p>\n<p>Avant exp\u00e9dition, la <strong>Dualtron Ultra II<\/strong> sera v\u00e9rifi\u00e9e et r\u00e9gl\u00e9e suivant les attentes du client (bridage ou pas, param\u00e9trage du LCD , \u2026).<\/p>\n<p>N\u2019h\u00e9sitez pas \u00e0 nous appeler (07 61 87 64 04 ) pour vous faire votre propre avis sur notre expertise et notre service client !<\/p>\n","protected":false},"excerpt":{"rendered":"<p>La Dualtron Ultra II est la rempla\u00e7ante de la fameuse Dualtron Ultra qui est \u00e0 l&#8217;origine de la renomm\u00e9e de la marque. Elle se positionne comme une trottinette polyvalente, tr\u00e8s puissante et disposant d&#8217;une grande autonomie.<\/p>\n<p><strong>Possibilit\u00e9 de paiement en plusieurs fois. <\/strong><\/p>\n<p><strong>N&#8217;h\u00e9sitez pas \u00e0 nous contactez au 06 95 90 31 91.<\/strong><\/p>\n","protected":false},"featured_media":86387,"comment_status":"open","ping_status":"closed","template":"","meta":{"om_disable_all_campaigns":false,"_mi_skip_tracking":false,"_monsterinsights_sitenote_active":false,"_monsterinsights_sitenote_note":"","_monsterinsights_sitenote_category":0},"product_cat":[20,38],"product_tag":[],"aioseo_notices":[],"_links":{"self":[{"href":"https:\/\/dualtron-store.com\/index.php\/wp-json\/wp\/v2\/product\/30425"}],"collection":[{"href":"https:\/\/dualtron-store.com\/index.php\/wp-json\/wp\/v2\/product"}],"about":[{"href":"https:\/\/dualtron-store.com\/index.php\/wp-json\/wp\/v2\/types\/product"}],"replies":[{"embeddable":true,"href":"https:\/\/dualtron-store.com\/index.php\/wp-json\/wp\/v2\/comments?post=30425"}],"wp:featuredmedia":[{"embeddable":true,"href":"https:\/\/dualtron-store.com\/index.php\/wp-json\/wp\/v2\/media\/86387"}],"wp:attachment":[{"href":"https:\/\/dualtron-store.com\/index.php\/wp-json\/wp\/v2\/media?parent=30425"}],"wp:term":[{"taxonomy":"product_cat","embeddable":true,"href":"https:\/\/dualtron-store.com\/index.php\/wp-json\/wp\/v2\/product_cat?post=30425"},{"taxonomy":"product_tag","embeddable":true,"href":"https:\/\/dualtron-store.com\/index.php\/wp-json\/wp\/v2\/product_tag?post=30425"}],"curies":[{"name":"wp","href":"https:\/\/api.w.org\/{rel}","templated":true}]}}