{"id":30046,"date":"2020-11-09T17:50:17","date_gmt":"2020-11-09T16:50:17","guid":{"rendered":"https:\/\/dualtron-store.com\/?post_type=product&#038;p=30046"},"modified":"2024-04-08T16:44:34","modified_gmt":"2024-04-08T14:44:34","slug":"dualtron-new-edition-nutt","status":"publish","type":"product","link":"https:\/\/dualtron-store.com\/index.php\/produit\/dualtron-new-edition-nutt\/","title":{"rendered":"Dualtron NEW &#8211; option freins hydrauliques"},"content":{"rendered":"<p><iframe loading=\"lazy\" title=\"Unboxing Dualtron New et comparatif avec la Dualtron Mini Rouge   Trottinette \u00e9lectrique Minimotors\" width=\"1140\" height=\"641\" src=\"https:\/\/www.youtube.com\/embed\/d5K8H2QgRKE?feature=oembed\" frameborder=\"0\" allow=\"accelerometer; autoplay; clipboard-write; encrypted-media; gyroscope; picture-in-picture\" allowfullscreen><\/iframe><\/p>\n<div>Caract\u00e9ristiques techniques<strong> :<\/strong><\/div>\n<div>\n<ul>\n<li>jusque 60 km d\u2019autonomie<\/li>\n<li>Poids : 28 kg<\/li>\n<li>Charge max : 120 kg<\/li>\n<li>Puissance : 3600 W<\/li>\n<li>Batterie 60v 18,2 ah<\/li>\n<li>Freins : disque avant et arri\u00e8re + \u00e9lectromagn\u00e9tique (KERS)<\/li>\n<li>Roues 10\u2033 pneus chambre \u00e0 air<\/li>\n<li>Led avant\/arri\u00e8re<\/li>\n<li>Cadre aluminium<\/li>\n<li>Suspension pneumatique avant et arri\u00e8re<\/li>\n<li>Possibilit\u00e9 de choisir en option les freins hydrauliques NUTT<\/li>\n<li>guidon pliable Dualtron<\/li>\n<\/ul>\n<\/div>\n","protected":false},"excerpt":{"rendered":"<p><img loading=\"lazy\" class=\"alignnone wp-image-614\" src=\"https:\/\/dualtron-store.com\/wp-content\/uploads\/2018\/06\/dulatron.png\" alt=\"\" width=\"246\" height=\"52\" \/><\/p>\n<p>La <strong>Dualtron New ,\u00a0appel\u00e9e \u00e9galement Dualtron 1.5 <\/strong>est un nouveau mod\u00e8le de la gamme Dualtron de 2020.<strong><br \/>\n<\/strong>Cette Dualtron se positionne dans une gamme de prix inf\u00e9rieure \u00e0 2000 euros tout en proposant des caract\u00e9ristiques \u00e9quivalentes, voire sup\u00e9rieures, \u00e0 des mod\u00e8les plus cher : <strong>double moteur pour une puissance max de 3600 W , vitesse de 65 km\/h, batterie de 18,2 ah.<\/strong><\/p>\n<p>Cette<strong> Dualtron New <\/strong>pr\u00e9sente \u00e9galement l&#8217;avantage de se baser sur un chassis bien \u00e9prouv\u00e9 de la gamme Dualtron.<\/p>\n<p>Elle est \u00e9galement \u00e9quip\u00e9e de la nouvelle g\u00e9n\u00e9ration des composants \u00e9lectroniques Minimotors (nouveaux contr\u00f4leurs, LCD EY3).<\/p>\n<p><strong>Offre du moment :<br \/>\n&#8211; prix de 1790 \u20ac au lieu de 1890 \u20ac pour la version d&#8217;origine et 1890 \u20ac au lieu de 1990 \u20ac pour la version\u00a0freins NUTT<br \/>\n&#8211; guidon pliable Dualtron offert<\/strong><\/p>\n<p><span style=\"color: #0000ff;\"><strong>Possibilit\u00e9 de r\u00e9gler en 3X ou 4X Carte bancaire sans justificatif.<\/strong><\/span><\/p>\n<p><strong><span style=\"color: #993366;\">En stock.<\/span><\/strong><\/p>\n","protected":false},"featured_media":17620,"comment_status":"open","ping_status":"closed","template":"","meta":{"om_disable_all_campaigns":false,"_mi_skip_tracking":false,"_monsterinsights_sitenote_active":false,"_monsterinsights_sitenote_note":"","_monsterinsights_sitenote_category":0},"product_cat":[20,38],"product_tag":[],"aioseo_notices":[],"_links":{"self":[{"href":"https:\/\/dualtron-store.com\/index.php\/wp-json\/wp\/v2\/product\/30046"}],"collection":[{"href":"https:\/\/dualtron-store.com\/index.php\/wp-json\/wp\/v2\/product"}],"about":[{"href":"https:\/\/dualtron-store.com\/index.php\/wp-json\/wp\/v2\/types\/product"}],"replies":[{"embeddable":true,"href":"https:\/\/dualtron-store.com\/index.php\/wp-json\/wp\/v2\/comments?post=30046"}],"wp:featuredmedia":[{"embeddable":true,"href":"https:\/\/dualtron-store.com\/index.php\/wp-json\/wp\/v2\/media\/17620"}],"wp:attachment":[{"href":"https:\/\/dualtron-store.com\/index.php\/wp-json\/wp\/v2\/media?parent=30046"}],"wp:term":[{"taxonomy":"product_cat","embeddable":true,"href":"https:\/\/dualtron-store.com\/index.php\/wp-json\/wp\/v2\/product_cat?post=30046"},{"taxonomy":"product_tag","embeddable":true,"href":"https:\/\/dualtron-store.com\/index.php\/wp-json\/wp\/v2\/product_tag?post=30046"}],"curies":[{"name":"wp","href":"https:\/\/api.w.org\/{rel}","templated":true}]}}