{"id":2052,"date":"2019-03-27T15:10:40","date_gmt":"2019-03-27T14:10:40","guid":{"rendered":"https:\/\/dualtron-store.com\/?post_type=product&#038;p=2052"},"modified":"2025-01-23T12:38:23","modified_gmt":"2025-01-23T11:38:23","slug":"dualtron-thunder","status":"publish","type":"product","link":"https:\/\/dualtron-store.com\/index.php\/produit\/dualtron-thunder\/","title":{"rendered":"Dualtron Thunder"},"content":{"rendered":"<div><strong>Caract\u00e9ristiques techniques :<\/strong><\/div>\n<div>\n<ul>\n<li>Vitesse max :\u00a085 km\/h<\/li>\n<li>100\u00a0km d\u2019autonomie en mode 1<\/li>\n<li>Poids :\u00a043 kg<\/li>\n<li>Dimensions d\u00e9pli\u00e9e : 115 cm x 121 cm x\u00a061 cm<\/li>\n<li>Dimensions pli\u00e9e : 115 cm x\u00a051 cm x\u00a061 cm<\/li>\n<li>Charge : 120 kg, voire plus.<\/li>\n<li>Franchissement : pente de 35 \u00b0<\/li>\n<li>2 moteurs brushless , Puissance 3000 w<\/li>\n<li>Batterie Lithium LG 60v \/ 35 ah<\/li>\n<li>Temps de charge complet d&#8217;environ 20 h<\/li>\n<li>Freins \u00e0 disque hydraulique + \u00e9lectrique (avec ABS)<\/li>\n<li>Roues de 11 pouces &#8211; pneus tubeless<\/li>\n<li>\u00e9clairage Led avant et arri\u00e8re<\/li>\n<li>Suspension pneumatique avant et arri\u00e8re.<\/li>\n<\/ul>\n<\/div>\n","protected":false},"excerpt":{"rendered":"<p><img loading=\"lazy\" class=\"alignnone wp-image-614\" src=\"https:\/\/dualtron-store.com\/wp-content\/uploads\/2018\/06\/dulatron.png\" alt=\"\" width=\"246\" height=\"52\" \/><\/p>\n<p>La <strong>trottinette \u00e9lectrique Dualtron Thunder<\/strong> est LA version haut de gamme de la marque <strong>Minimotors<\/strong>. Ce mod\u00e8le est la version\u00a0am\u00e9lior\u00e9e de la trottinette Dualtron Ultra et poss\u00e8de une <strong>grande autonomie<\/strong> pour une puissance et une vitesse de pointe incroyable !<\/p>\n<p>La Dualtron Thunder atteint les <strong>8<\/strong><strong>5 km\/h et peut monter des c\u00f4tes sup\u00e9rieures \u00e0 35 % <\/strong>. Elle peut supporter une charge de 120kg, voire plus.<\/p>\n<p>Son <strong>poids de 43 kg <\/strong>est assez \u00e9lev\u00e9 mais n\u00e9cessaire pour cette machine extr\u00eamement performante.<\/p>\n<p>La Dualtron Thunder dispose <strong>d&#8217;un large plateau<\/strong> pour apporter au pilote une bonne stabilit\u00e9. Elle est dot\u00e9e d&#8217;un syst\u00e8me de pliage tr\u00e8s pratique pour la transporter plus ais\u00e9ment.<\/p>\n","protected":false},"featured_media":86389,"comment_status":"open","ping_status":"closed","template":"","meta":{"om_disable_all_campaigns":false,"_mi_skip_tracking":false,"_monsterinsights_sitenote_active":false,"_monsterinsights_sitenote_note":"","_monsterinsights_sitenote_category":0},"product_cat":[38],"product_tag":[],"aioseo_notices":[],"_links":{"self":[{"href":"https:\/\/dualtron-store.com\/index.php\/wp-json\/wp\/v2\/product\/2052"}],"collection":[{"href":"https:\/\/dualtron-store.com\/index.php\/wp-json\/wp\/v2\/product"}],"about":[{"href":"https:\/\/dualtron-store.com\/index.php\/wp-json\/wp\/v2\/types\/product"}],"replies":[{"embeddable":true,"href":"https:\/\/dualtron-store.com\/index.php\/wp-json\/wp\/v2\/comments?post=2052"}],"wp:featuredmedia":[{"embeddable":true,"href":"https:\/\/dualtron-store.com\/index.php\/wp-json\/wp\/v2\/media\/86389"}],"wp:attachment":[{"href":"https:\/\/dualtron-store.com\/index.php\/wp-json\/wp\/v2\/media?parent=2052"}],"wp:term":[{"taxonomy":"product_cat","embeddable":true,"href":"https:\/\/dualtron-store.com\/index.php\/wp-json\/wp\/v2\/product_cat?post=2052"},{"taxonomy":"product_tag","embeddable":true,"href":"https:\/\/dualtron-store.com\/index.php\/wp-json\/wp\/v2\/product_tag?post=2052"}],"curies":[{"name":"wp","href":"https:\/\/api.w.org\/{rel}","templated":true}]}}