{"id":18312,"date":"2020-05-26T13:40:30","date_gmt":"2020-05-26T11:40:30","guid":{"rendered":"https:\/\/dualtron-store.com\/?post_type=product&#038;p=18312"},"modified":"2026-04-23T10:28:38","modified_gmt":"2026-04-23T08:28:38","slug":"chambre-a-air-dualtron-mini-et-speedway-leger","status":"publish","type":"product","link":"https:\/\/dualtron-store.com\/index.php\/produit\/chambre-a-air-dualtron-mini-et-speedway-leger\/","title":{"rendered":"chambre \u00e0 air dualtron mini, POP, Togo"},"content":{"rendered":"<p><iframe loading=\"lazy\" title=\"[TUTO] Comment changer une chambre \u00e0 air Dualtron Mini. Astuces !\" width=\"1140\" height=\"641\" src=\"https:\/\/www.youtube.com\/embed\/H6VVyM9Xs2w?feature=oembed\" frameborder=\"0\" allow=\"accelerometer; autoplay; clipboard-write; encrypted-media; gyroscope; picture-in-picture; web-share\" referrerpolicy=\"strict-origin-when-cross-origin\" allowfullscreen><\/iframe><\/p>\n","protected":false},"excerpt":{"rendered":"<p><strong>Chambre \u00e0 air officielle Dualtron mini, Dualtron POP, Dualtron TOGO et speedway l\u00e9ger.<\/strong><\/p>\n<p>Non compatible avec la Dualtro Togo Limited.<\/p>\n<p>Identique \u00e0 la chambre d&#8217;origine pr\u00e9sentant le bon coude au niveau de la valve. Produit 100% authentique Dualtron. Taille : 8,5 pouces x 2.<\/p>\n<p><em><strong>Attention: d\u2019autres chambres \u00e0 air sont commercialis\u00e9es par ailleurs pour dualtron mini \u00e0 un tarif inf\u00e9rieur. Il est important d&#8217;acqu\u00e9rir un\u00a0produit officiel de la marque sous peine de\u00a0rencontrer des\u00a0difficult\u00e9s lors du montage ainsi que des probl\u00e8mes de\u00a0qualit\u00e9.<\/strong><\/em><\/p>\n<p><span style=\"color: #800080;\"><strong>En\u00a0stock\u00a0.<\/strong><\/span><\/p>\n","protected":false},"featured_media":84535,"comment_status":"open","ping_status":"closed","template":"","meta":{"om_disable_all_campaigns":false,"_mi_skip_tracking":false,"_monsterinsights_sitenote_active":false,"_monsterinsights_sitenote_note":"","_monsterinsights_sitenote_category":0},"product_cat":[287,18,51],"product_tag":[],"aioseo_notices":[],"_links":{"self":[{"href":"https:\/\/dualtron-store.com\/index.php\/wp-json\/wp\/v2\/product\/18312"}],"collection":[{"href":"https:\/\/dualtron-store.com\/index.php\/wp-json\/wp\/v2\/product"}],"about":[{"href":"https:\/\/dualtron-store.com\/index.php\/wp-json\/wp\/v2\/types\/product"}],"replies":[{"embeddable":true,"href":"https:\/\/dualtron-store.com\/index.php\/wp-json\/wp\/v2\/comments?post=18312"}],"wp:featuredmedia":[{"embeddable":true,"href":"https:\/\/dualtron-store.com\/index.php\/wp-json\/wp\/v2\/media\/84535"}],"wp:attachment":[{"href":"https:\/\/dualtron-store.com\/index.php\/wp-json\/wp\/v2\/media?parent=18312"}],"wp:term":[{"taxonomy":"product_cat","embeddable":true,"href":"https:\/\/dualtron-store.com\/index.php\/wp-json\/wp\/v2\/product_cat?post=18312"},{"taxonomy":"product_tag","embeddable":true,"href":"https:\/\/dualtron-store.com\/index.php\/wp-json\/wp\/v2\/product_tag?post=18312"}],"curies":[{"name":"wp","href":"https:\/\/api.w.org\/{rel}","templated":true}]}}