{"id":1795,"date":"2018-12-31T16:38:06","date_gmt":"2018-12-31T15:38:06","guid":{"rendered":"https:\/\/dualtron-store.com\/?post_type=product&#038;p=1795"},"modified":"2025-01-23T12:15:09","modified_gmt":"2025-01-23T11:15:09","slug":"speedway-5","status":"publish","type":"product","link":"https:\/\/dualtron-store.com\/index.php\/produit\/speedway-5\/","title":{"rendered":"Speedway 5"},"content":{"rendered":"<div><strong>Caract\u00e9ristiques techniques :<\/strong><\/div>\n<div>\n<ul>\n<li>85 km d\u2019autonomie (mode L1)<\/li>\n<li>Poids :\u00a027 kg<\/li>\n<li>Longueur 113,7 \u00d7\u00a0 hauteur 52,6 cm (pli\u00e9e)<\/li>\n<li>Longueur\u00a0121 \u00d7 largeur\u00a057.5 \u00d7 hauteur\u00a0118 cm (d\u00e9pli\u00e9e)<\/li>\n<li>Charge max : 120 kg<\/li>\n<li>2 Moteurs 800 w brushless<\/li>\n<li>Batterie Li-Po 60v 23,4ah<\/li>\n<li>Temps de charge complet 10h<\/li>\n<li>Frein \u00e0 disque avant\/arri\u00e8re + frein \u00e9lectrique<\/li>\n<li>Roues 10\u2033<\/li>\n<li>Led avant\/arri\u00e8re<\/li>\n<li>Suspension hydraulique avant Suspension pneumatique arri\u00e8re<\/li>\n<\/ul>\n<\/div>\n","protected":false},"excerpt":{"rendered":"<p>La trottinette \u00e9lectrique <strong>Speedway 5\u00a0<\/strong>succ\u00e8de \u00e0 la d\u00e9j\u00e0 tr\u00e8s performante Speedway 4, et apporte d\u2019impressionnantes innovations sur le plan de la puissance. Dans sa gamme de prix, La trottinette \u00e9lectrique Speedway 5 offre avec des caract\u00e9ristiques impressionnantes : Deux moteurs puissants de 1000 W Brushless, permettant d\u2019atteindre mes 65 km\/h, et assez puissant pour gravir des pentes de jusqu\u2019\u00e0 27 % Une batterie 60 V 23,4 Ah, qui peut vous faire rouler pendant 85\u00a0km en une seule charge Une charge maximale de 120\u00a0kg Des \u00e9clairages LED \u00e0 l\u2019avant et \u00e0 l\u2019arri\u00e8re Des doubles freins avant et arri\u00e8re (frein \u00e0 disque et frein \u00e9lectrique) Une suspension hydraulique \u00e0 l\u2019avant et une suspension pneumatique \u00e0 l\u2019arri\u00e8re Un guidon pliable des pneus 10 pouces tubeless.<\/p>\n<p>Vous aurez le choix entre trois modes de vitesse : L1 (15km\/h), Turbo (35km\/h) et Super (60km\/h).<\/p>\n","protected":false},"featured_media":86377,"comment_status":"open","ping_status":"closed","template":"","meta":{"om_disable_all_campaigns":false,"_mi_skip_tracking":false,"_monsterinsights_sitenote_active":false,"_monsterinsights_sitenote_note":"","_monsterinsights_sitenote_category":0},"product_cat":[36],"product_tag":[],"aioseo_notices":[],"_links":{"self":[{"href":"https:\/\/dualtron-store.com\/index.php\/wp-json\/wp\/v2\/product\/1795"}],"collection":[{"href":"https:\/\/dualtron-store.com\/index.php\/wp-json\/wp\/v2\/product"}],"about":[{"href":"https:\/\/dualtron-store.com\/index.php\/wp-json\/wp\/v2\/types\/product"}],"replies":[{"embeddable":true,"href":"https:\/\/dualtron-store.com\/index.php\/wp-json\/wp\/v2\/comments?post=1795"}],"wp:featuredmedia":[{"embeddable":true,"href":"https:\/\/dualtron-store.com\/index.php\/wp-json\/wp\/v2\/media\/86377"}],"wp:attachment":[{"href":"https:\/\/dualtron-store.com\/index.php\/wp-json\/wp\/v2\/media?parent=1795"}],"wp:term":[{"taxonomy":"product_cat","embeddable":true,"href":"https:\/\/dualtron-store.com\/index.php\/wp-json\/wp\/v2\/product_cat?post=1795"},{"taxonomy":"product_tag","embeddable":true,"href":"https:\/\/dualtron-store.com\/index.php\/wp-json\/wp\/v2\/product_tag?post=1795"}],"curies":[{"name":"wp","href":"https:\/\/api.w.org\/{rel}","templated":true}]}}