{"id":1420,"date":"2018-08-27T23:11:09","date_gmt":"2018-08-27T21:11:09","guid":{"rendered":"https:\/\/dualtron-store.com\/?post_type=product&#038;p=1420"},"modified":"2024-11-21T10:57:50","modified_gmt":"2024-11-21T09:57:50","slug":"ruban-caoutchouc-systeme-de-pliage-speedway-mini-4","status":"publish","type":"product","link":"https:\/\/dualtron-store.com\/index.php\/produit\/ruban-caoutchouc-systeme-de-pliage-speedway-mini-4\/","title":{"rendered":"Ruban caoutchouc &#8211; syst\u00e8me de pliage &#8211; Speedway mini 4"},"content":{"rendered":"","protected":false},"excerpt":{"rendered":"<p>Vous avez perdu le <strong>ruban caoutchouc<\/strong> au niveau du syst\u00e8me de pliage de votre Speedway mini 4 ?<\/p>\n<p>Du jeu apparait car celui-ci est \u00e9cras\u00e9 \u00e0 force d&#8217;utilisation? :<\/p>\n<p>Ce <strong>ruban caoutchouc<\/strong> d&#8217;origine MiniMotors est fait pour vous.<\/p>\n","protected":false},"featured_media":1421,"comment_status":"open","ping_status":"closed","template":"","meta":{"om_disable_all_campaigns":false,"_mi_skip_tracking":false,"_monsterinsights_sitenote_active":false,"_monsterinsights_sitenote_note":"","_monsterinsights_sitenote_category":0},"product_cat":[283,18,52],"product_tag":[],"aioseo_notices":[],"_links":{"self":[{"href":"https:\/\/dualtron-store.com\/index.php\/wp-json\/wp\/v2\/product\/1420"}],"collection":[{"href":"https:\/\/dualtron-store.com\/index.php\/wp-json\/wp\/v2\/product"}],"about":[{"href":"https:\/\/dualtron-store.com\/index.php\/wp-json\/wp\/v2\/types\/product"}],"replies":[{"embeddable":true,"href":"https:\/\/dualtron-store.com\/index.php\/wp-json\/wp\/v2\/comments?post=1420"}],"wp:featuredmedia":[{"embeddable":true,"href":"https:\/\/dualtron-store.com\/index.php\/wp-json\/wp\/v2\/media\/1421"}],"wp:attachment":[{"href":"https:\/\/dualtron-store.com\/index.php\/wp-json\/wp\/v2\/media?parent=1420"}],"wp:term":[{"taxonomy":"product_cat","embeddable":true,"href":"https:\/\/dualtron-store.com\/index.php\/wp-json\/wp\/v2\/product_cat?post=1420"},{"taxonomy":"product_tag","embeddable":true,"href":"https:\/\/dualtron-store.com\/index.php\/wp-json\/wp\/v2\/product_tag?post=1420"}],"curies":[{"name":"wp","href":"https:\/\/api.w.org\/{rel}","templated":true}]}}