{"id":1405,"date":"2018-08-23T11:45:45","date_gmt":"2018-08-23T09:45:45","guid":{"rendered":"https:\/\/dualtron-store.com\/?post_type=product&#038;p=1405"},"modified":"2026-04-13T16:29:33","modified_gmt":"2026-04-13T14:29:33","slug":"pack-siege-pour-dualtron","status":"publish","type":"product","link":"https:\/\/dualtron-store.com\/index.php\/produit\/pack-siege-pour-dualtron\/","title":{"rendered":"Pack si\u00e8ge pour Dualtron ou speedway 4 &#038; 5"},"content":{"rendered":"","protected":false},"excerpt":{"rendered":"<p><strong>Pack si\u00e8ge<\/strong> V2 <strong>pour Dualtron<\/strong> (sauf spider et raptor 2) et <strong>speedway 4 &amp; 5<\/strong> . Fourni avec les fixations adapt\u00e9es \u00e0 votre mod\u00e8le (support\/ base + vis fixations + serrage rapide).<\/p>\n<p><strong>Produit authentique et d&#8217;origine MiniMotors.<\/strong><\/p>\n<p>N&#8217;h\u00e9sitez pas \u00e0 nous contacter par t\u00e9l\u00e9phone ou sms pour tout renseignement compl\u00e9mentaire.<\/p>\n<p><strong>Choisissez votre mod\u00e8le car le support Dualtron \/ Dualtron Storm \/\u00a0Dualtron\u00a0Thunder 2 \/Speedway 4-5 \/est diff\u00e9rent.<\/strong><\/p>\n","protected":false},"featured_media":86486,"comment_status":"open","ping_status":"closed","template":"","meta":{"om_disable_all_campaigns":false,"_mi_skip_tracking":false,"_monsterinsights_sitenote_active":false,"_monsterinsights_sitenote_note":"","_monsterinsights_sitenote_category":0},"product_cat":[345,348,346,275,526,617,288,276,272,274,325,613,616,283,282,18,51,52],"product_tag":[],"aioseo_notices":[],"_links":{"self":[{"href":"https:\/\/dualtron-store.com\/index.php\/wp-json\/wp\/v2\/product\/1405"}],"collection":[{"href":"https:\/\/dualtron-store.com\/index.php\/wp-json\/wp\/v2\/product"}],"about":[{"href":"https:\/\/dualtron-store.com\/index.php\/wp-json\/wp\/v2\/types\/product"}],"replies":[{"embeddable":true,"href":"https:\/\/dualtron-store.com\/index.php\/wp-json\/wp\/v2\/comments?post=1405"}],"wp:featuredmedia":[{"embeddable":true,"href":"https:\/\/dualtron-store.com\/index.php\/wp-json\/wp\/v2\/media\/86486"}],"wp:attachment":[{"href":"https:\/\/dualtron-store.com\/index.php\/wp-json\/wp\/v2\/media?parent=1405"}],"wp:term":[{"taxonomy":"product_cat","embeddable":true,"href":"https:\/\/dualtron-store.com\/index.php\/wp-json\/wp\/v2\/product_cat?post=1405"},{"taxonomy":"product_tag","embeddable":true,"href":"https:\/\/dualtron-store.com\/index.php\/wp-json\/wp\/v2\/product_tag?post=1405"}],"curies":[{"name":"wp","href":"https:\/\/api.w.org\/{rel}","templated":true}]}}